
-1
Let p(v) = -3762*v - 22569. Determine p(-6).
3
Let s(a) = a**3 + 4*a**2 - 20*a - 70. What is s(-6)?
-22
Let t(p) = 67*p - 374. Calculate t(0).
-374
Let o(z) = -8*z**3 - 88*z**2 - 16*z - 38. What is o(-11)?
138
Let s(t) = 115*t + 194. Determine s(-4).
-266
Let i(r) = -233*r + 574. Calculate i(3).
-125
Let l(y) = 2*y**3 - y**2 + 2*y + 120. Calculate l(0).
120
Let f(i) = -15*i**2 - 233*i - 747. Determine f(-11).
1
Let n(l) = 199*l + 13000. Determine n(-65).
65
Let m(f) = -44*f - 3838. Give m(-87).
-10
Let j(n) = -39*n - 3263. What is j(-84)?
13
Let g(o) = -o**3 + 7*o**2 + 91*o - 641. Give g(10).
-31
Let j(v) = -22*v + 1863. Give j(85).
-7
Let c(p) = -63*p**2 + 3466*p - 57. Determine c(55).
-2
Let c(t) = -238*t + 948. Give c(4).
-4
Let w(h) = 20*h + 391. What is w(-22)?
-49
Let h(y) = -56*y - 283. Calculate h(-5).
-3
Let v(q) = -q**3 + 24*q**2 - 101*q - 1. Give v(6).
41
Let h(u) = -20*u**3 - 82*u**2 - 7*u + 9. Determine h(-4).
5
Let c(z) = -110*z + 988. What is c(9)?
-2
Let c(z) = 2*z**3 + 110*z**2 + z + 36. Calculate c(-55).
-19
Let c(f) = 37*f**3 + 2*f**2 + 6*f + 5. Calculate c(-1).
-36
Let a(j) = 3203*j + 9620. Give a(-3).
11
Let r(i) = -i**3 - 4*i**2 + 10*i + 26. What is r(-5)?
1
Let l(i) = -i**2 + 2658*i + 34710. What is l(-13)?
-13
Let k(g) = -13*g**2 + 274*g - 19. Calculate k(23).
-594
Let x(s) = 4*s**2 + 90*s + 44. Calculate x(-22).
0
Let b(j) = 14*j**2 - 28*j + 14. Give b(6).
350
Let v(g) = 5*g**2 + 210*g + 221. Give v(-41).
16
Let o(u) = -u**3 - 11*u**2 - 2*u - 13. Give o(-8).
-189
Let b(g) = g**3 - 11*g**2 - 3*g + 17. Determine b(11).
-16
Let t(c) = -4*c - 28. Calculate t(-1).
-24
Let b(k) = -k**3 - 35*k**2 + 550*k - 660. Determine b(-47).
-2
Let d(c) = -c**3 + 7*c**2 - 26*c + 160. Calculate d(7).
-22
Let r(l) = 121*l**3 + 2*l**2 - 24*l + 22. What is r(1)?
121
Let l(v) = -6*v**2 - 159*v - 690. Calculate l(-21).
3
Let c(l) = 5*l + 28. Give c(1).
33
Let z(l) = l + 79. Determine z(-10).
69
Let o(y) = -1430*y - 60058. What is o(-42)?
2
Let b(w) = -w**2 + 9*w - 17. Determine b(5).
3
Let j(s) = 306*s + 1847. Give j(-6).
11
Let i(v) = 144*v**2 - 26*v + 44. Determine i(2).
568
Let h(n) = 3*n**3 - 119*n**2 + 76*n + 79. What is h(39)?
1
Let a(k) = k**2 - 19*k + 79. Calculate a(16).
31
Let j(y) = 69*y + 74. Determine j(7).
557
Let r(w) = -2*w**2 - 27*w - 59. Give r(-3).
4
Let p(g) = -g**2 + 104*g - 488. Calculate p(5).
7
Let w(i) = i**2 - 105*i + 479. Give w(5).
-21
Let t(c) = 3*c**2 - 10*c - 25. What is t(6)?
23
Let n(x) = 5*x**3 - 157*x**2 + 66*x - 127. Determine n(31).
-3
Let j(l) = l**3 - 25*l**2 + 25*l + 26. What is j(24)?
50
Let y(f) = f**2 + 84*f + 19. Determine y(0).
19
Let y(b) = 3*b**3 + 37*b**2 + 12*b + 9. What is y(-12)?
9
Let j(g) = g**3 - 110*g**2 + 996*g - 227. Calculate j(100).
-627
Let s(y) = 3*y**3 + 15*y**2 - 42*y - 14. Calculate s(-7).
-14
Let o(s) = -s**3 - 5*s**2 + 568*s + 2280. Give o(-4).
-8
Let t(f) = -2*f**3 + 60*f**2 - 58*f - 3. What is t(29)?
-3
Let l(g) = -8*g**2 + 445*g - 444. What is l(1)?
-7
Let t(b) = -991*b + 5. Calculate t(0).
5
Let d(g) = 15*g + 148. What is d(-5)?
73
Let r(l) = -l**3 + 84*l**2 - 88*l + 404. Give r(83).
-11
Let s(x) = -66*x**2 - 6346*x - 959. Determine s(-96).
1
Let h(z) = -z**3 - 62*z**2 + 130*z - 16. Give h(2).
-12
Let m(d) = d**3 + 48*d**2 + 592*d + 1925. Calculate m(-12).
5
Let y(r) = -6*r + 25. Give y(6).
-11
Let o(t) = t**3 + 10*t**2 + 29*t + 15. Determine o(-7).
-41
Let s(g) = -5*g**2 - 235*g - 72. Give s(-46).
158
Let x(s) = -2*s**2 + 23*s + 756. Calculate x(26).
2
Let v(i) = i**3 - 13*i**2 - 17*i + 61. Determine v(14).
19
Let d(b) = 391*b + 3975. Calculate d(-10).
65
Let v(c) = c**3 + 33*c**2 - c + 205. Determine v(-33).
238
Let z(h) = -h**2 + 37*h - 167. Determine z(29).
65
Let r(w) = -w**3 + 29*w**2 - 152*w - 12. What is r(7)?
2
Let z(p) = 172*p - 2023. Give z(10).
-303
Let j(x) = x**3 + 15*x**2 - 36*x - 33. What is j(-13)?
773
Let m(r) = 44*r**3 + 3*r**2 + 35*r + 37. Determine m(-1).
-39
Let g(f) = -6*f**3 - 26*f**2 - 43*f + 19. What is g(-2)?
49
Let c(p) = p**3 - 10*p**2 - 42*p - 6. Calculate c(13).
-45
Let l(f) = 3*f**3 + 6*f + 562. Determine l(0).
562
Let o(g) = g**3 + g**2 + 6*g + 33. Calculate o(-3).
-3
Let x(p) = 53*p**3 + p**2 + 3*p + 1. Give x(-1).
-54
Let t(i) = -i**2 + 32*i - 99. What is t(31)?
-68
Let m(r) = r**3 + 2*r**2 - 211*r - 1153. Calculate m(-6).
-31
Let w(i) = 15*i**3 + 2*i**2 + 2*i - 1. Calculate w(1).
18
Let b(y) = -9*y**2 + 273*y + 192. What is b(31)?
6
Let u(w) = 482*w - 487. Give u(1).
-5
Let o(x) = 304*x + 1236. What is o(-5)?
-284
Let t(g) = g**3 - 35*g**2 + 66*g - 2. Calculate t(33).
-2
Let z(y) = y**3 + 7*y**2 - 33*y - 177. What is z(-6)?
57
Let v(l) = -l**3 - 3*l**2 - 13*l - 16. Calculate v(-4).
52
Let n(q) = -814*q - 16302. Calculate n(-20).
-22
Let g(b) = 36*b**3 - b**2 + 65*b - 125. Determine g(2).
289
Let l(r) = 2*r**2 - 284*r + 9442. Give l(89).
8
Let o(z) = 63*z - 671. What is o(11)?
22
Let x(s) = 29*s + 7. Calculate x(5).
152
Let h(o) = 16713*o + 33414. Calculate h(-2).
-12
Let x(c) = -c**3 - 26*c**2 + 289*c + 1902. Calculate x(-33).
-12
Let f(v) = -v**3 - 14*v**2 - 7*v + 91. Determine f(-11).
-195
Let i(f) = f**3 + 11*f**2 - 30*f - 73. Give i(-11).
257
Let a(p) = -3*p**3 - 3*p**2 - 4*p + 3. Calculate a(-5).
323
Let u(s) = -3*s**2 - 194*s + 474. What is u(-65)?
409
Let s(q) = 2*q**2 + 237*q + 1961. Give s(-8).
193
Let c(j) = -127*j**3 - 2*j**2 + 3*j + 4. Calculate c(-1).
126
Let w(x) = -10*x**2 + 124*x - 57. Calculate w(12).
-9
Let f(q) = 7*q**3 + 247*q**2 + 71*q + 27. What is f(-35)?
-8
Let v(p) = 405*p + 2037. What is v(-5)?
12
Let v(d) = d**2 + 41*d + 140. Calculate v(-4).
-8
Let y(p) = -p**2 + 278*p - 18031. Give y(175).
-6
Let l(c) = c**2 + 3*c + 1. Give l(-2).
-1
Let z(p) = -4*p**3 + 9*p**2 - 30*p + 50. Calculate z(3).
-67
Let z(o) = 705*o + 4189. Give z(-6).
-41
Let t(i) = -35*i**2 + i - 19. Give t(3).
-331
Let p(c) = c**2 + 259*c + 6866. What is p(-30)?
-4
Let n(h) = -33*h**3 + 8*h**2 - 22*h + 13. Determine n(1).
-34
Let c(r) = 52*r + 1602. Determine c(-30).
42
Let i(s) = s**3 - 5*s**2 + 21*s - 69. Give i(5).
36
Let c(i) = 5*i**3 + 7*i**2 + 5*i - 7. Give c(3).
206
Let n(u) = -7*u + 430. Give n(63).
-11
Let s(m) = -3*m**3 - 14*m**2 - 16*m - 5. Give s(-5).
100
Let b(t) = 57*t**3 + 2*t**2 - 7*t - 9. Give b(-1).
-57
Let l(d) = -2*d**2 + 12*d + 97. Calculate l(18).
-335
Let r(x) = 3*x + 72. Give r(-22).
6
Let x(a) = a**3 + 734*a**2 + 2194*a + 13. Give x(-3).
10
Let k(a) = 167*a + 8. What is k(-1)?
-159
Let q(u) = u**2 + u + 7. Calculate q(8).
79
Let x(m) = -m**3 + 16*m**2 + 216*m + 232. Give x(25).
7
Let y(c) = -38*c - 3092. What is y(-81)?
-14
Let f(t) = 1055*t - 24249. Give f(23).
16
Let h(o) = -424*o + 17391. Calculate h(41).
7
Let o(w) = -2*w**3 - 12*w**2 - 68*w - 416. What is o(-6)?
-8
Let y(x) = x**3 - 6*x**2 - 11*x + 62. Give y(8).
102
Let o(x) = -3*x**3 - 110*x**2 + 9*x - 1022. Calculate o(-37).
14
Let k(h) = h**3 + 14*h**2 - 7*h + 127. Calculate k(-15).
7
Let k(w) = -412*w + 1535. Give k(5).
-525
Let d(y) = -174*y + 1701. Calculate d(10).
-39
Let o(z) = z**2 + 1216*z - 14735. Calculate o(12).
1
Let d(q) = q**2 + q - 5. What is d(-4)?
7
Let q(m) = -4*m + 143. Calculate q(22).
55
Let h(s) = -13920*s + 264484. Give h(19).
4
Let z(c) = c**3 + 58*c**2 + 2*c + 90. Calculate z(-58).
-26
Let i(c) = -60*c + 6909. Calculate i(115).
9
Let t(k) = 142*k + 1003. Determine t(-7).
9
Let z(n) = n**3 + n**2 - 8*n + 2. What is z(2)?
-2
Let g(s) = -5*s**2 - 83*s + 9198. What is g(-52)?
-6
Let s(p) = 2*p**3 - 318*p**2 + 1829*p + 1082. Determine s(153).
11
Let b(s) = -85*s - 1699. Give b(-20).
1
Let z(f) = -f**2 + 60*f + 534. What is z(68)?
-10
Let z(k) = -k**2 + 35*k + 194. Give z(-5).
-6
Let s(v) = 13*v**2 - 245*v + 25. Determine s(19).
63
Let f(t) = 333*t - 3002. Determine f(9).
-5
Let q(a) = -3*a**3 + 19*a**2 + 24*a - 60. Calculate q(7).
10
Let a(c) = -15*c - 283. Calculate a(-14).
-73
Let d(i) = -3*i + 143. What is d(42)?
17
Let u(o) = -o**3 + 12*o**2 - 24*o - 65. What is u(10)?
-105
Let l(a) = -5*a**2 - 34*a + 55. What is l(-8)?
7
Let a(b) = b**2 - 45*b + 321. What is a(23)?
-185
Let y(q) = -6*q**2 + 39*q + 302. Determine y(-5).
-43
Let k(w) = -3*w**2 + 73*w - 288. What is k(5)?
2
Let j(f) = -12*f**3 + 13*f**2 + 18*f - 4. Calculate j(1).
15
L